ative of 0 - 8*k - 1/6*k**3 + 5/2*k**2. Give m(-6).
11
Suppose -4*k - 40 = -4*w, 0 = -2*w + 6*w + 4*k - 72. Let r(c) = c - 13. Determine r(w).
1
Let o(z) = 26*z + 215. Let h be o(-8). Let t(i) be the third derivative of -i**6/120 + i**5/10 + i**4/3 - 2*i**3/3 + i**2. Determine t(h).
3
Let p(w) = -w**3 + 5*w**2 + 5*w - 3. Suppose -5*q + 51 = -39. Suppose x = -2*x + q. Calculate p(x).
-9
Let q be (-1 - -1) + 3 - 1. Suppose 1 = -3*y - y + 3*f, 4*y = -q*f + 14. Let g(s) = 8 + 6*s + 5*s**y - s**3 + 2*s - 5*s. Determine g(6).
-10
Let u(s) = -s - 6. Let l(m) = -m**3 - 6*m**2 - 9*m - 16. Let t be l(-5). What is u(t)?
-10
Let g(d) = 3*d + 7 - 2*d - 4 + 2. Let k be -5 + 2 - -3 - -45. Let a be k/(-6)*20/25. What is g(a)?
-1
Let f = -536 - -541. Let m(q) = q**3 - 7*q**2 + q + 6. Give m(f).
-39
Suppose 4*n + 5 = 3*n + 3*g, 4*n + 4*g - 12 = 0. Let y(d) be the third derivative of -1/24*d**4 + 0 + 0*d - 21*d**2 + 0*d**3. Calculate y(n).
-1
Let w be (-2)/(-9) + (-88)/(-9). Let c(v) = -4*v**2 + w*v**2 - 1 + 0*v**2 - v**3. What is c(6)?
-1
Let r(m) = 12*m**3 - 14*m**2 + 11*m + 15. Let g(w) = 5*w**3 - 7*w**2 + 6*w + 8. Let s(i) = -7*g(i) + 3*r(i). Let u = 5 + -13. Calculate s(u).
-3
Let h(a) = 5*a - 2*a - 24*a + 8*a. Determine h(-1).
13
Let p be (-1 - (-1 - 9/3)) + 3. Let t = p + -4. Let c(o) = -o**3 - 2*o**2 + 2*o + 2. Calculate c(t).
-10
Suppose 2*h - h = -2*k + 12, -8 = k + 4*h. Let r(f) = -k*f - 2 + 1 - 2*f + 2*f. Determine r(-2).
15
Let g(s) = 5*s**3 - 2*s**2 - 3*s - 31. Let q(m) = -4*m**3 + 3*m**2 + 3*m + 30. Let y(c) = 5*g(c) + 6*q(c). Give y(-8).
1
Let f(z) = z**2 - 10*z + 7. Let j be ((-2)/2)/((96/(-54))/16). Calculate f(j).
-2
Let y(f) = -f**3 - 7*f**2 - 3*f - 6. Let o = -1299 - -1292. What is y(o)?
15
Let g(c) = 27 + 26*c**3 + 19*c + 26*c**3 + 0*c**2 - 51*c**3 + 19*c**2. Calculate g(-18).
9
Let i(m) = -m - 8. Let u(x) = 1. Let z(l) = -i(l) - 4*u(l). Let o be (-2)/11 - (516/66 + -3). Calculate z(o).
-1
Let x be 5*3*2/15. Let i(o) = 14 - o - x*o - 15 + o**2. Suppose 4 = 4*r, 6 = 2*n - 2*r - 0*r. Give i(n).
3
Let t be 6/((-152)/16 - -8). Let i(s) = -2*s - 1. Calculate i(t).
7
Let g(h) = 11*h - 63. Let d be g(6). Let x(b) = b**3 + 3*b**2 - 4*b + 3. Determine x(d).
45
Let b(d) be the second derivative of d**4/12 - 5*d**3/2 - 39*d**2/2 + 799*d. Calculate b(18).
15
Let o(g) = 4 + 14*g**2 + 7*g - 3*g - 3*g - g**3 - 10*g**2. Calculate o(4).
8
Let c(m) = 18 - 21*m**2 + 46*m + 2*m**3 - 43 - 3*m**3 + 18. What is c(-23)?
-7
Let c(o) = -o**3 + 5*o**2 + 8*o - 7. Let m be 1/4 - 23/(-4). Give c(m).
5
Let u(i) = -2*i**3 + i + 2. Let b(k) = 7*k - 4*k**3 - 1 - 8*k + 5*k**3. Let y(g) = 5*b(g) + 2*u(g). Let c(s) = -s**2 - 7*s - 8. Let m be c(-6). Give y(m).
-3
Let r = 95 + -115. Let k(w) = w**2 + 18*w - 48. Let i be k(r). Let f(l) = l**2 + 8*l - 5. What is f(i)?
-5
Suppose -20 = -4*w - 4*o, 0 = 2*o - 4*o + 4. Let q(r) = 5*r + 3. What is q(w)?
18
Suppose 13 + 15 = -4*v + 2*h, h = -4*v - 34. Let r be v/(-6)*-3 - -6. Suppose -4*p - 4*d + 8 = p, 5*d = -r*p - 7. Let m(w) = w - 5. What is m(p)?
-1
Let y(l) = l**3 - 5*l**2 - 5*l + 6. Let g be 68/7 + 20/70. Let t = 4 + 0. Let j = g - t. What is y(j)?
12
Let p(h) = 6*h + 50. Let x be p(-9). Let v(z) = -z**3 - 3*z**2 + 4*z + 2. Calculate v(x).
2
Let m(u) = -7*u - 7. Let h(x) = -23*x - 22. Let j(b) = 2*h(b) - 7*m(b). What is j(1)?
8
Let a(n) = -8*n**2 - 2*n. Let g be a(-1). Let t(f) = 13*f**3 + 6*f**2 - 5*f + 5. Let y(d) = -d**3 - d**2 + d - 1. Let h(q) = g*y(q) - t(q). Give h(1).
-7
Let q(d) = 20 - d - 63 + 15 + 14. Determine q(-12).
-2
Let n(c) = -10 - 12*c**2 + 3*c + 13*c**2 + 3*c. Let q be -3*16/(-6) + 1. Let u = q - 16. What is n(u)?
-3
Suppose 65 - 57 = 2*i - 4*l, -4*l + 4 = -i. Let y(j) = 4*j - 30. Calculate y(i).
18
Let q(y) be the third derivative of 7*y**2 + 0 + 1/24*y**4 + 0*y + 0*y**3. What is q(-5)?
-5
Suppose 0 = -4*w + 31 + 5. Let k(s) = s - 13. What is k(w)?
-4
Let p(f) = -11*f**2 - 14*f - 3. Let h(m) = 6*m**2 + 8*m + 2. Let i(s) = -9*h(s) - 5*p(s). Suppose -2*z + 10 = -0*z. Let g be (-3)/(-2 + z/4). What is i(g)?
5
Suppose 239 - 774 = 5*j. Let r = 110 + j. Let g(t) = -t - 7. Let h(s) = -s - 8. Let b(m) = 5*g(m) - 4*h(m). Determine b(r).
-6
Let s(i) = -3*i**2 + 4*i - 3. Suppose 30 = 3*v - 4*t - 33, 2*t = -5*v + 105. Let q = -14 + v. Let k(r) = 2*r - 12. Let y be k(q). Calculate s(y).
-7
Let i(w) = 3109*w - 22 - 1554*w - 1554*w. What is i(0)?
-22
Let c(s) = 8*s + 1. Let d be 4*(-8)/64*-6. Calculate c(d).
25
Let o(i) = 89*i - 92*i - 2 + 2. Give o(3).
-9
Let h(t) = t**3 - t**2 + t - 8. Let s = -130 - -99. Let u = 31 + s. Give h(u).
-8
Suppose -a + 2*j - 15 = 5*j, -a - 18 = 4*j. Let h be (-3)/((-63)/a) - (-44)/7. Let u(i) = i**2 - 5*i - 2. What is u(h)?
4
Let r(c) = c**2 + 4*c - 7. Let w(p) = p**3 - 22 - 2*p**3 + 5 + 7*p + 3*p**2. Let v be w(4). Give r(v).
-2
Suppose -3*q = 5*u + 5, -134*q + 135*q + 2*u = -3. Let t(z) be the second derivative of -z**4/12 + z**3/6 + 5*z**2/2 + 2*z. Calculate t(q).
-15
Let t(c) = 5*c - 21. Let m(r) = -3*r + 9. Let u(j) = 5*m(j) + 2*t(j). Give u(1).
-2
Let l(g) = 3 - 39*g - 1 - 15 + 41*g. Determine l(10).
7
Let c(y) be the first derivative of -y**2/2 - 3*y + 83. Calculate c(5).
-8
Let i(w) be the first derivative of -w**2/2 + 3*w + 99. Determine i(-6).
9
Let n(l) = 25*l + 34. Let u(w) = 19*w + 32. Let i(m) = 3*n(m) - 4*u(m). Calculate i(-27).
1
Let d(y) = -y**3 + 2*y**2 + 10*y + 3. Let k(g) = -g**3 + g**2 + 9*g + 2. Let n(j) = 3*d(j) - 4*k(j). What is n(2)?
5
Let u(p) = p**2 + 3. Suppose 2*z = -v + z + 10, 12 = -3*z. Let y = 12 - 17. Let x be y/(-35) - (-40)/v. Calculate u(x).
12
Let l be 3*(-1)/3*19. Let b = l + 10. Let p(x) = x**3 + 10*x**2 + 10*x + 5. Determine p(b).
-4
Let t(q) = -q. Let v(k) = 0 - 12 + 5 + 8. Let z(d) = -t(d) + 6*v(d). What is z(-9)?
-3
Let i(p) = 13*p**2 - p + 19. Let v(c) = -7*c**2 - 9. Let a(b) = 6*i(b) + 11*v(b). Calculate a(5).
10
Suppose t + 12 = 11. Let x be ((-66)/(-18) + t)*3. Let m(a) = a**3 - 9*a**2 + 9*a - 8. Give m(x).
0
Let b(z) be the first derivative of -1/20*z**5 - 1/4*z**4 - 3/2*z**2 - 3 - 1/2*z**3 + 6*z. Let k(w) be the first derivative of b(w). Calculate k(-2).
-1
Let o = 2 + -7. Let a = 6 + -4. Let j(f) = 4*f**a + 3 + 3*f - 2*f**2 - f**2. Calculate j(o).
13
Suppose 209 = 16*u + 33. Let s(x) = -x**2 + 6*x + 14. Calculate s(u).
-41
Let m(h) = h**3 - 5*h**2 - 4. Let g be m(5). Let k(v) = -v**2 - 4*v - 2. Let r be k(g). Let n(y) = -2 + 5*y**2 - 2*y - 4*y**2 + 2*y**2. What is n(r)?
14
Let o(d) be the third derivative of -d**5/30 + d**4/8 + d**3/3 - 189*d**2. Determine o(3).
-7
Suppose 0 = -3*i + 18*i. Let k(z) = i*z - 3*z - 11 + 10 - z. Determine k(-1).
3
Let r(b) = -b - 29219 + 58430 - 29211. Suppose 0*z = 3*z + 4*s + 30, -2*s - 12 = z. Determine r(z).
6
Let w(a) = -a**2 + 10*a - 14. Let t(g) = -g**2 + 10*g - 15. Let r(y) = -5*t(y) + 6*w(y). Suppose 392*o - 398*o = -48. What is r(o)?
7
Let p(g) = 15*g**2 - 25*g + 22. Let b(d) = 8*d**2 - 13*d + 11. Let w(k) = 11*b(k) - 6*p(k). Give w(4).
-15
Let q(l) = -4*l**3 - 11*l**2 + 8*l - 7. Let a(k) = 3*k**3 + 7*k**2 - 5*k + 5. Let b(d) = -7*a(d) - 5*q(d). Calculate b(4).
12
Let l(t) be the third derivative of 5*t**4/24 + t**3/6 + 4*t**2 - 2. Calculate l(3).
16
Let i be (3 - 35/15)*(47 + 1). Let r = i - 30. Let o(k) = -k**2 + 3*k - 2. What is o(r)?
0
Let x(u) = u - 4. Let j = 143 + -135. Let q(k) = -k + 2*k - 13 + k. Let w(h) = j*x(h) - 3*q(h). What is w(-6)?
-5
Let m = 15 + -22. Let v(h) = -h**2 - 8*h - 6. Let l be v(m). Let r(t) = -11*t**3 + t**2 + 4*t - 1. Let z(i) = -i. Let j(c) = -r(c) - 4*z(c). What is j(l)?
11
Let c(o) be the second derivative of 7*o**3/6 + 5*o**2/2 + o. Let h(f) = f + 1. Let x(i) = c(i) - 6*h(i). Suppose -1 + 3 = -2*s. What is x(s)?
-2
Suppose 3*z - a = -9, 2*z - a = 2*a - 6. Let p be 6/(-3) + (3 - z). Let s(f) = -12 - 2*f + p + 0*f. Determine s(-7).
6
Let k(g) = 3. Let z = 22 + -27. Let j(p) = p + 4. Let s(b) = z*k(b) + 4*j(b). Calculate s(1).
5
Let w(g) = g**3 + g**2 - 2*g. Suppose -2*y + 28 = -2*h, 0 = 5*y - 4*y + 3*h - 14. Let i(z) = -y + 23 + 2*z - 5. Let s be i(-3). What is w(s)?
0
Let b(u) = u + 4. Let o = -1 - -7. Let g be 352/o*(-6)/(-4). Let n be g/16 - (-1)/(-2). Determine b(n).
9
Let i(q) = 24*q**2 - 7*q + 5*q - 4 + 30*q**2 - 55*q**2. Determine i(-3).
-7
Let h(v) be the fir